 y(x) = 37791*x - 39694. Give y(1).
-1903
Let o(i) = -i**3 + 53*i**2 - 120*i - 151. Give o(51).
-1069
Let w(c) = -1588*c**2 - 20661*c - 213. What is w(-13)?
8
Let h(s) = -3*s**3 + 506*s**2 + 181*s - 2022. Calculate h(169).
6
Let l(m) = -2720*m + 20478. Determine l(5).
6878
Let o(a) = 550*a - 213943. Give o(389).
7
Let u(o) = -2203*o + 83705. Calculate u(38).
-9
Let r(u) = 72*u**2 + 576*u - 109. Give r(-9).
539
Let m(v) = -434384*v + 868824. What is m(2)?
56
Let d(q) = 64150*q + 9943253. Calculate d(-155).
3
Let l(x) = -302*x + 15917. What is l(67)?
-4317
Let k(d) = 28*d**2 - 291*d + 691. Calculate k(7).
26
Let b(x) = 4*x**2 - 16*x + 329. Give b(15).
989
Let s(q) = 2233*q - 401951. What is s(180)?
-11
Let l(m) = 1319*m - 150360. What is l(114)?
6
Let c(d) = 316*d**2 + 5537*d + 2721. Calculate c(-17).
-84
Let c(l) = 2*l**2 - 176*l - 257. What is c(90)?
103
Let o(h) = -57*h**2 + 467*h - 1158. Give o(6).
-408
Let p(r) = -886*r - 14177. Give p(-17).
885
Let o(b) = -b**2 + 1506*b - 8. Give o(0).
-8
Let h(y) = 2*y**3 + 9*y**2 + 317*y + 1596. Determine h(-5).
-14
Let v(g) = g**2 - 496*g + 18307. Determine v(40).
67
Let i(z) = -1228*z + 542782. What is i(442)?
6
Let q(v) = 3*v**3 + 52*v**2 - 79*v - 162. Calculate q(-19).
-466
Let z(o) = 4*o**2 - 818*o - 740. What is z(205)?
-330
Let m(s) = 2*s**2 + 42*s - 4379. Give m(42).
913
Let t(s) = -4*s**2 + 10017*s - 119625. Determine t(12).
3
Let t(d) = 8682*d + 746636. Determine t(-86).
-16
Let p(y) = -64192*y + 3081234. Calculate p(48).
18
Let o(w) = -31*w**2 - 62367*w + 124729. Determine o(2).
-129
Let y(x) = -176499*x - 6706959. What is y(-38)?
3
Let r(d) = d**3 + 77*d**2 - 2493*d - 198236. Calculate r(-75).
-11
Let d(h) = -10*h**2 - 495*h + 3614. Determine d(-56).
-26
Let k(n) = 89*n**2 - 35*n - 126. Calculate k(-4).
1438
Let z(q) = 26*q**2 - 341*q + 4383. Give z(13).
4344
Let o(b) = 93*b - 749. Determine o(3).
-470
Let y(r) = -968*r**2 - 6778*r + 28. Determine y(-7).
42
Let t(p) = -2*p**3 + 19*p**2 - 404*p + 3542. What is t(9)?
-13
Let t(r) = 23*r**2 + 176*r + 17. What is t(-13)?
1616
Let f(g) = g**3 - 55*g**2 - 610*g + 148. What is f(64)?
-2028
Let r(t) = -489*t - 87009. Calculate r(-178).
33
Let n(w) = 68*w - 3590. Calculate n(61).
558
Let s(r) = 592*r + 1307. Give s(-1).
715
Let m(f) = -f**2 - 182*f - 1026. Give m(-5).
-141
Let i(d) = 3*d**2 - 3410*d - 20560. What is i(-6)?
8
Let y(n) = 1295*n - 449360. Determine y(347).
5
Let o(w) = 7*w**2 + 894*w + 77. What is o(-128)?
333
Let i(r) = 1554*r + 177166. What is i(-114)?
10
Let n(q) = -2*q**3 + 118*q**2 + 128*q - 455. Calculate n(60).
25
Let k(r) = 7814*r - 93242. What is k(12)?
526
Let a(h) = -262*h**3 - 3671*h**2 - 60*h - 254. What is a(-14)?
-2
Let k(i) = 13321*i + 306394. Determine k(-23).
11
Let c(f) = -2*f**3 + 20*f**2 + 77*f - 746. What is c(10)?
24
Let k(f) = -29378*f - 4964888. Give k(-169).
-6
Let i(h) = -12*h**2 + 18015*h - 249859. Determine i(14).
-1
Let o(h) = 8085*h - 420430. Give o(52).
-10
Let q(y) = -817217*y + 1634434. Calculate q(2).
0
Let t(w) = -156*w + 2511. Calculate t(23).
-1077
Let z(x) = 38186*x + 4162266. Determine z(-109).
-8
Let u(f) = f**2 - 104*f + 1172. What is u(15)?
-163
Let r(b) = -b**2 - 1870*b - 242201. Determine r(-140).
-1
Let l(j) = j**3 - 10*j**2 + 2775*j - 27724. Give l(10).
26
Let a(p) = -13*p**2 + 362*p + 433. What is a(29)?
-2
Let q(s) = -7716*s - 192622. What is q(-25)?
278
Let b(f) = 2*f**3 - 1681*f**2 - 30959*f - 966. Give b(-18).
-12
Let k(m) = -128*m**2 + 73*m - 26. Calculate k(5).
-2861
Let u(m) = -2*m**2 + 306*m - 1141. Calculate u(148).
339
Let a(z) = 185*z - 75116. Give a(406).
-6
Let m(c) = -3*c**2 + 1744*c - 38505. Calculate m(23).
20
Let h(d) = 359*d**2 - 692*d - 49. Determine h(2).
3
Let u(q) = -27*q**2 + 659*q + 1322. Calculate u(-2).
-104
Let z(v) = -6*v**3 + v**2 - 3*v - 28. Calculate z(3).
-190
Let b(l) = 107*l - 11800. What is b(103)?
-779
Let x(p) = 682*p + 124133. Calculate x(-182).
9
Let d(r) = 49*r - 523. Give d(13).
114
Let a(s) = 1152172*s + 4608686. Calculate a(-4).
-2
Let h(x) = -2*x**3 - 9*x**2 - 28*x + 2. Determine h(-6).
278
Let c(p) = 173*p + 908. Calculate c(-9).
-649
Let i(k) = -4*k**3 + 606*k**2 + 1529*k + 1722. Give i(154).
28
Let h(y) = -y**3 + 15*y**2 + 3364*y - 100. Determine h(66).
-232
Let f(y) = 944*y**2 + 11328*y + 97. Determine f(-12).
97
Let y(n) = 11*n**3 - 38*n**2 + 10*n + 31. Calculate y(3).
16
Let y(i) = 15*i**2 + 158*i - 1071. Give y(-15).
-66
Let m(v) = 49768*v + 49729. Determine m(-1).
-39
Let o(a) = -19*a**3 + 2*a**2 + 11. Calculate o(-5).
2436
Let i(p) = -6*p**2 + 2232*p - 34177. Determine i(16).
-1
Let y(o) = -130830*o + 9288939. Give y(71).
9
Let l(v) = 2*v**3 - 276*v**2 + 4314*v + 718. Calculate l(120).
-2
Let k(i) = 3*i - 1530. Determine k(-23).
-1599
Let s(v) = 313385*v - 17549563. What is s(56)?
-3
Let p(u) = 319*u - 816. What is p(5)?
779
Let k(x) = x**3 + 69*x**2 - 83*x - 910. What is k(-70)?
0
Let q(g) = g**3 + 45*g**2 - 6*g + 252. What is q(-45)?
522
Let f(a) = -a**3 - 45*a**2 + 153*a + 8432. Determine f(-44).
-236
Let a(d) = -24911*d - 1918146. Determine a(-77).
1
Let i(l) = -3*l**2 - 872*l - 10464. Give i(-278).
100
Let l(j) = -j**2 + 190*j + 4204. Calculate l(210).
4
Let g(n) = 19859*n - 973057. What is g(49)?
34
Let o(r) = 2*r**2 + 2772*r - 8360. Determine o(3).
-26
Let u(r) = 51*r**2 - 22025*r - 25106. What is u(433)?
8
Let m(v) = -7*v**3 + 187*v**2 - 149*v + 491. What is m(26)?
-3
Let j(v) = -v**3 - 417*v**2 + 86*v + 35869. What is j(-417)?
7
Let g(s) = 7*s**3 + 7*s**2 + 95*s - 478. What is g(5)?
1047
Let h(f) = 3299*f + 46072. Determine h(-14).
-114
Let h(c) = -8370*c + 58970. Calculate h(7).
380
Let q(x) = -2698*x + 47596. Give q(18).
-968
Let u(v) = 40306*v + 200763. Give u(-5).
-767
Let n(p) = p**3 + 268*p**2 - 3046*p + 6414. Calculate n(-279).
-3
Let w(i) = 2*i**2 - 114*i - 2235. Calculate w(-10).
-895
Let q(j) = -86*j**2 + 812*j - 1486. What is q(7)?
-16
Let p(v) = -6699*v - 1467108. Calculate p(-219).
-27
Let t(d) = 13458*d - 67341. Determine t(5).
-51
Let j(f) = 12*f**2 - 495*f + 5105. Calculate j(20).
5
Let r(n) = 2*n**3 - 27*n**2 - 2305*n + 3. Determine r(0).
3
Let i(d) = 5040*d + 10214. Calculate i(-2).
134
Let i(q) = -958*q - 4062. Determine i(-4).
-230
Let h(g) = 5*g**2 - 1474*g + 33551. Give h(270).
71
Let k(j) = j**3 - 3071*j**2 - 52489*j + 120. What is k(-17)?
1
Let l(i) = -664*i**2 - 1161998*i + 3497. What is l(-1750)?
-3
Let o(a) = 2*a**3 + 45*a**2 + 207*a + 1006. Give o(-22).
-3064
Let j(y) = -y**3 + 190*y**2 + 367*y + 3250. Give j(192).
-14
Let u(p) = 889*p - 41253. What is u(46)?
-359
Let h(r) = -53713*r - 483386. Determine h(-9).
31
Let j(r) = 2*r**3 - 67*r**2 - 1531*r + 609. Calculate j(49).
21
Let g(s) = -3161*s - 113822. Calculate g(-36).
-26
Let b(z) = z**3 - 147*z**2 - 24688*z - 2861. Determine b(247).
103
Let c(f) = -1222*f + 85592. What is c(70)?
52
Let f(v) = 321*v + 14327. What is f(-39)?
1808
Let y(h) = 79*h - 373. Calculate y(6).
101
Let r(x) = -46*x**2 - 2550*x + 39302. Determine r(-68).
-2
Let t(k) = 4895*k - 24396. Calculate t(5).
79
Let l(m) = -m**2 + 4*m + 49673. Calculate l(-221).
-52
Let z(p) = p**3 - 9*p**2 - 51*p + 294. Determine z(11).
-25
Let n(m) = 3*m**3 - 23*m**2 + 31*m - 38. Determine n(6).
-32
Let v(m) = -49*m**3 + 349*m**2 + 12*m - 21. Determine v(7).
357
Let z(n) = 5199*n + 519898. What is z(-100)?
-2
Let x(b) = -8*b**3 - 7*b**2 - 31*b - 47. What is x(-2)?
51
Let x(u) = -u**2 + 739*u + 6000. Give x(-8).
24
Let h(k) = 127*k**2 + 15240*k + 229. Give h(-120).
229
Let y(p) = -p**3 - 5*p**2 + 341*p + 203. What is y(-21)?
98
Let d(z) = 6*z**3 - 1340*z**2 + 485*z - 8803. Calculate d(223).
-106
Let p(k) = k**3 + 37*k**2 + 88*k - 5372. Calculate p(-23).
10
Let g(f) = -4139*f - 33480. Calculate g(-8).
-368
Let i(t) = 11*t**2 + 124*t - 49. What is i(-15)?
566
Let c(x) = -x**2 + 144*x + 5076. Calculate c(173).
59
Let q(y) = -199883*y - 999454. Determine q(-5).
-39
Let t(z) = z**3 + 192*z**2 - 66*z - 12771. Calculate t(-192).
-99
Let l(g) = -6282*g + 25833. Calculate l(4).
705
Let w(d) = -2*d**3 + 103*d**2 - 8952*d + 468205. Calculate w(52).
-3
Let u(s) = -615*s**2 - 1854*s - 1. Determine u(-3).
26
Let w(f) = 35*f**2 - 6099*f + 7625. What is w(173)?
13
Let t(h) = -h**2 - 124*h + 42015. Calculate t(-27